 Calculate f(122).
-6629
Let x(c) = 66*c**2 + 1743*c + 6841. Calculate x(-5).
-224
Let u(p) = -27*p**2 - 246*p - 442. Calculate u(-2).
-58
Let n(h) = 3658*h - 241244. What is n(66)?
184
Let h(r) = -59*r**3 + 648*r**2 + 12*r - 21. Give h(11).
-10
Let c(f) = 721*f - 22382. Calculate c(31).
-31
Let w(p) = -6634*p + 656761. Give w(99).
-5
Let i(n) = -n**3 - 7*n**2 + 1088*n - 12550. Give i(-41).
-4
Let k(h) = 2*h**3 - 23*h**2 + 223*h - 364. Give k(2).
6
Let k(y) = -y**3 - 184*y**2 - 8226*y + 4466. Give k(-106).
14
Let f(x) = 798*x + 165166. Determine f(-207).
-20
Let s(r) = -6*r**2 + 195*r - 21. What is s(-7)?
-1680
Let c(x) = -34*x**2 + 5494*x + 30723. What is c(167)?
-5
Let a(j) = 2*j**2 + 34079*j - 682392. Determine a(20).
-12
Let o(q) = q**3 - 146*q**2 - 35*q + 5429. What is o(146)?
319
Let x(c) = c**3 - 64*c**2 - 3*c - 4028. What is x(65)?
2
Let g(a) = -2*a**3 - 750*a**2 + 766*a + 5549. Give g(-376).
285
Let n(z) = 32*z**3 + 227*z**2 + 86*z + 534. What is n(-7)?
79
Let w(f) = -6*f**2 + 1664*f + 10268. What is w(-6)?
68
Let g(x) = -14*x**3 - 2*x**2 - 111*x + 236. Give g(0).
236
Let w(z) = 181*z**2 - 91760*z - 3550. Determine w(507).
-1
Let k(u) = 8573*u - 231448. Determine k(27).
23
Let t(z) = -1779*z + 12312. Calculate t(6).
1638
Let x(z) = 4*z**3 - 68*z**2 + 141*z + 7. Determine x(15).
322
Let h(o) = -144*o - 19124. What is h(-121)?
-1700
Let s(q) = 134*q + 1980. Give s(-16).
-164
Let m(d) = 19700*d - 8234609. What is m(418)?
-9
Let d(a) = -a**2 + 1606*a - 94492. What is d(61)?
-247
Let l(x) = -4*x**3 - 548*x**2 + 913*x - 27624. Give l(-139).
37
Let a(k) = 77*k**2 - 7*k + 150. Give a(0).
150
Let n(u) = u**3 - 181*u**2 + 3081*u - 602. Calculate n(162).
-116
Let u(n) = -82*n**2 + 18037*n + 556. Give u(220).
-104
Let c(o) = 33*o**2 + 109*o - 256. Determine c(-5).
24
Let x(d) = -d**2 + 82*d + 14717. Determine x(169).
14
Let a(m) = -904557*m - 6. What is a(0)?
-6
Let h(y) = 1580*y**3 - 9*y**2 - 133*y - 124. Give h(-1).
-1580
Let i(h) = -23*h**2 + 131*h - 59. Give i(6).
-101
Let z(m) = -2629*m + 202405. What is z(77)?
-28
Let x(s) = -1896937*s + 18969363. Calculate x(10).
-7
Let x(r) = 11757*r + 128892. Determine x(-11).
-435
Let f(p) = 169*p**2 + 1501*p - 195. Give f(-9).
-15
Let x(r) = -36*r**2 + 386*r + 33. What is x(15)?
-2277
Let t(a) = 2*a**3 - 64*a**2 - 7*a + 5846. What is t(12)?
2
Let r(g) = -6730*g + 33417. Determine r(5).
-233
Let a(j) = -j**3 + 9*j**2 + 112*j - 1. Give a(16).
-1
Let y(r) = -640015*r + 1280031. Calculate y(2).
1
Let i(m) = -m**3 - 76*m**2 - 239*m - 1556. Determine i(-73).
-96
Let t(q) = 51*q**2 - 737*q - 16. Calculate t(15).
404
Let z(n) = -6217*n + 12743. Calculate z(2).
309
Let v(t) = 2*t**3 + 16*t**2 - 1917*t - 7829. Determine v(-4).
-33
Let n(w) = 4*w**3 + 16*w**2 - 45*w + 16. Give n(2).
22
Let w(y) = -5162*y + 145206. Give w(28).
670
Let m(k) = k**3 + 282*k**2 - 586*k - 5112. What is m(-284)?
0
Let n(w) = -14089*w + 619919. Give n(44).
3
Let v(q) = 440*q + 34517. Calculate v(-79).
-243
Let k(f) = 30*f**2 - 43*f - 13. Calculate k(2).
21
Let z(r) = 785*r + 34644. Determine z(-44).
104
Let w(z) = -4892*z - 70879. Determine w(-15).
2501
Let l(x) = -20*x**2 - 989*x + 2454. What is l(-51)?
873
Let r(j) = -2*j**3 - 92*j**2 - 550*j - 156. Calculate r(-39).
0
Let i(x) = 75238*x - 601271. Give i(8).
633
Let i(v) = -2*v**3 - 48*v**2 + 359*v + 7710. Give i(-20).
-2670
Let m(q) = 6385*q + 7810. What is m(-1)?
1425
Let b(l) = 173*l + 883. Determine b(8).
2267
Let b(k) = k**3 - 60*k**2 - 3707*k - 1662. Calculate b(98).
4
Let v(r) = -4*r**2 + 3438*r + 45362. What is v(-13)?
-8
Let x(y) = 450*y**2 - 9467*y + 354. Give x(21).
-3
Let l(z) = 837*z - 7434. What is l(4)?
-4086
Let t(b) = -8*b**3 + 10802*b**2 - 45762*b - 2686. What is t(1346)?
6
Let s(b) = 21*b**3 - 164*b**2 - 51*b + 155. What is s(8)?
3
Let h(m) = -m**2 + 214*m - 9092. Determine h(158).
-244
Let m(k) = -7*k**3 + 4226*k**2 - 3019*k + 2333. Determine m(603).
-79
Let b(s) = -878*s - 15018. Calculate b(-17).
-92
Let n(q) = 3527*q - 24707. Calculate n(7).
-18
Let f(o) = o**2 + 3578*o - 1705693. What is f(426)?
11
Let d(q) = 1052*q**2 + 766*q - 765. Determine d(1).
1053
Let b(k) = -k**2 + 9143*k - 54878. What is b(6)?
-56
Let j(b) = 70025*b + 3501264. Determine j(-50).
14
Let g(q) = -52*q**2 + 433*q - 160. Give g(9).
-475
Let o(z) = 5*z**3 - 5*z**2 + 2*z + 53. What is o(4)?
301
Let x(s) = -9*s**2 - 865*s - 10265. Give x(-14).
81
Let g(h) = -2*h**2 - 67*h + 8383. Determine g(-83).
166
Let m(a) = 11*a**2 - 50*a - 559. Give m(13).
650
Let v(d) = 35*d**2 - 48*d - 146. Determine v(-9).
3121
Let q(u) = u**3 + 136*u**2 + 3822*u + 542387. Calculate q(-137).
4
Let t(f) = f**2 + 22101*f - 663937. Give t(30).
-7
Let i(r) = -27*r**2 - 1160*r + 1191. What is i(-43)?
1148
Let y(t) = -297*t**2 - 39816*t - 2415. Calculate y(-134).
-3
Let a(l) = l**2 - 641*l - 14485. Give a(-22).
101
Let x(w) = -193697*w + 4067631. Calculate x(21).
-6
Let h(w) = 5*w**3 + 775*w**2 - 715*w + 10139. What is h(-156)?
-1
Let x(f) = 983*f + 525. Determine x(-1).
-458
Let u(v) = -330*v - 111525. Calculate u(-338).
15
Let f(w) = -3*w**3 - 490*w**2 - 129*w + 6102. Calculate f(-163).
560
Let v(h) = -h**2 + 6782*h - 27106. Calculate v(4).
6
Let f(k) = -23*k**2 + 285*k - 570. Give f(3).
78
Let h(j) = 3*j**2 - 1797*j - 179040. Determine h(-87).
6
Let a(d) = -11544*d + 415714. What is a(36)?
130
Let q(g) = -2*g**3 - 25*g**2 - 7367*g - 43737. Calculate q(-6).
-3
Let p(d) = 37*d**3 - 415*d**2 + 451*d + 11. Give p(10).
21
Let d(b) = 10369*b - 155482. Give d(15).
53
Let d(h) = 2670226*h + 8010661. Determine d(-3).
-17
Let o(m) = 412*m**2 - 22657*m + 93. What is o(55)?
258
Let k(w) = w**2 - 31*w - 139. Determine k(53).
1027
Let g(i) = -6598*i + 237571. What is g(36)?
43
Let r(b) = -305023*b + 1220091. Give r(4).
-1
Let l(o) = -3*o**2 - 168*o - 2742. Give l(-26).
-402
Let j(l) = -2118*l**2 - 2350*l - 2352. Determine j(-1).
-2120
Let q(n) = 2*n**2 + 1178*n - 263651. Calculate q(173).
1
Let x(g) = g**3 + 14*g**2 - 530*g - 7389. Determine x(-14).
31
Let b(g) = 2*g**2 + 4989*g + 773035. Give b(-166).
-27
Let q(r) = 5*r**3 - 174*r**2 - 563*r + 18476. Calculate q(35).
-4
Let x(y) = 153607*y - 2764927. Calculate x(18).
-1
Let d(p) = 28259*p - 84784. Determine d(3).
-7
Let i(a) = -6860*a - 871217. Give i(-127).
3
Let g(v) = -41202*v - 246633. Give g(-6).
579
Let d(c) = 5768*c - 4925851. Calculate d(854).
21
Let w(y) = -541*y - 28848. Determine w(-57).
1989
Let f(q) = 10*q**3 + 76*q**2 - 24*q + 203. Determine f(-8).
139
Let d(y) = 2*y**3 + 35*y**2 + 109*y + 123. What is d(-11)?
497
Let k(r) = -8*r**3 - 9*r**2 + 8*r + 15. Give k(-7).
2262
Let t(u) = u**3 - 216*u**2 + 3921*u - 61. Calculate t(20).
-41
Let g(s) = -3540*s + 24327. What is g(7)?
-453
Let k(m) = -m**3 - 3*m**2 + 893*m + 979. What is k(29)?
-36
Let k(s) = 32*s**3 - 67*s**2 - 152*s + 564. Determine k(2).
248
Let f(o) = 2*o**3 - 18*o**2 + 19*o - 133. What is f(9)?
38
Let f(t) = 2*t**3 + 24*t**2 - 1074*t - 347. Calculate f(-30).
-527
Let y(u) = -1003*u - 266999. Determine y(-266).
-201
Let k(t) = -5*t**3 + 475*t**2 + 380*t + 9596. Give k(96).
-4
Let q(o) = 23013*o - 621489. Determine q(27).
-138
Let q(w) = -4*w**2 + 9828*w - 185280. What is q(2438)?
8
Let j(s) = -3*s**2 - 643*s - 32806. Calculate j(-84).
38
Let z(y) = -6*y**2 + 486*y + 1996. Give z(84).
484
Let k(p) = -p**3 - 29*p**2 - 3420*p - 103505. Give k(-30).
-5
Let w(z) = 5566*z + 16692. Give w(-3).
-6
Let r(x) = -327*x**2 + 1951*x + 73. What is r(6)?
7
Let n(g) = -12503*g - 25021. Give n(-2).
-15
Let b(z) = 3*z**2 + 343*z + 9529. What is b(-56)?
-271
Let m(f) = -4*f**2 + 1407*f - 6954. Calculate m(5).
-19
Let l(z) = -z**3 + 605*z**2 + 23843*z - 57144. Calculate l(642).
-6
Let k(y) = -34323*y + 205849. Calculate k(6).
-89
Let y(p) = 36*p**3 + 606*p**2 - 90*p + 69. Calculate y(-17).
-135
Let k(y) = -250*y - 10905. Determine k(-45).
345
Let d(m) = m**3 + 107*m**2 - 266*m + 6698. Determine d(-110).
-342
Let u(s) = s**3 - 5*s**2 - 166*s + 9. Give u(-11).
-101
Let c(j) = 20082*j - 542201. Determine c(27).
13
Let f(h) = 2*h**3 + 25*h**2 + 166*h + 3618. What is f(-15)?
3
Let c(h) = 686*h + 819. Calculate c(-1).
133
Let r(t) = t**3 + 40*t**2 + 401*t - 209. Calculate r(-15).
-599
Let w(k) = -k**3 - 154*k**2 + 8963*k + 1580. Deter